, 21377
What are the prime factors of 209669?
209669
List the prime factors of 866466.
2, 3, 37, 1301
What are the prime factors of 2598862?
2, 7, 23, 1153
List the prime factors of 331991.
11, 30181
What are the prime factors of 1421262?
2, 3, 23, 3433
List the prime factors of 617248.
2, 19289
What are the prime factors of 156516?
2, 3, 13043
List the prime factors of 128344.
2, 61, 263
List the prime factors of 600495.
3, 5, 7, 19, 43
List the prime factors of 6724244.
2, 1681061
What are the prime factors of 317344?
2, 47, 211
What are the prime factors of 1223113?
359, 3407
What are the prime factors of 193397?
41, 53, 89
List the prime factors of 1107152.
2, 69197
What are the prime factors of 10069259?
19, 529961
What are the prime factors of 731463?
3, 157, 1553
What are the prime factors of 56454?
2, 3, 97
What are the prime factors of 19007946?
2, 3, 13037
What are the prime factors of 547017?
3, 182339
List the prime factors of 92335.
5, 59, 313
What are the prime factors of 329130?
2, 3, 5, 23, 53
List the prime factors of 1453537.
1453537
List the prime factors of 18192943.
18192943
List the prime factors of 1097528.
2, 137191
List the prime factors of 75720.
2, 3, 5, 631
List the prime factors of 628372.
2, 29, 5417
List the prime factors of 25857520.
2, 5, 13, 23, 47
List the prime factors of 34573378.
2, 7, 241, 10247
List the prime factors of 291937.
443, 659
What are the prime factors of 976461?
3, 325487
List the prime factors of 5469720.
2, 3, 5, 19, 2399
List the prime factors of 864506.
2, 313, 1381
List the prime factors of 1918987.
7, 39163
List the prime factors of 2315293.
97, 23869
What are the prime factors of 1222400?
2, 5, 191
What are the prime factors of 571516?
2, 11, 31, 419
List the prime factors of 20805588.
2, 3, 31, 103, 181
What are the prime factors of 723513?
3, 7, 131, 263
List the prime factors of 52240.
2, 5, 653
What are the prime factors of 129261?
3, 11, 3917
What are the prime factors of 5017711?
389, 12899
List the prime factors of 21840579.
3, 2426731
List the prime factors of 3627543.
3, 1209181
What are the prime factors of 1144042?
2, 211, 2711
What are the prime factors of 70890?
2, 3, 5, 17, 139
What are the prime factors of 4115721?
3, 83, 16529
What are the prime factors of 7287244?
2, 673, 2707
What are the prime factors of 13825968?
2, 3, 13, 22157
List the prime factors of 2625176.
2, 239, 1373
List the prime factors of 1654969.
107, 15467
What are the prime factors of 863851?
863851
List the prime factors of 25204293.
3, 127, 22051
List the prime factors of 6874117.
103, 66739
List the prime factors of 694680.
2, 3, 5, 7, 827
List the prime factors of 48326.
2, 73, 331
List the prime factors of 433759.
433759
What are the prime factors of 642185?
5, 128437
What are the prime factors of 6421815?
3, 5, 47569
What are the prime factors of 13620690?
2, 3, 5, 61, 827
What are the prime factors of 569466?
2, 3, 17, 1861
What are the prime factors of 86002?
2, 7, 6143
List the prime factors of 7468403.
7468403
List the prime factors of 627355.
5, 125471
What are the prime factors of 33373?
23, 1451
List the prime factors of 189168.
2, 3, 7, 563
List the prime factors of 117438.
2, 3, 23, 37
List the prime factors of 228993.
3, 37, 2063
What are the prime factors of 1285626?
2, 3, 353, 607
List the prime factors of 820446.
2, 3, 11, 31, 401
List the prime factors of 13482194.
2, 11, 41, 14947
What are the prime factors of 908808?
2, 3, 19, 1993
What are the prime factors of 112375?
5, 29, 31
List the prime factors of 108751.
108751
What are the prime factors of 262107?
3, 29123
What are the prime factors of 17584388?
2, 4396097
What are the prime factors of 1914594?
2, 3, 11, 29009
What are the prime factors of 136585?
5, 59, 463
List the prime factors of 183453.
3, 61151
List the prime factors of 15429173.
15429173
What are the prime factors of 498580?
2, 5, 97, 257
What are the prime factors of 3993937?
67, 59611
List the prime factors of 243220.
2, 5, 12161
What are the prime factors of 965377?
7, 137911
List the prime factors of 1426254.
2, 3, 19, 12511
What are the prime factors of 6136687?
487, 12601
What are the prime factors of 198095?
5, 39619
What are the prime factors of 4613214?
2, 3, 768869
What are the prime factors of 3036066?
2, 3, 11, 157, 293
List the prime factors of 410870.
2, 5, 181, 227
List the prime factors of 7322533.
23, 53, 6007
List the prime factors of 261286.
2, 130643
List the prime factors of 7053584.
2, 440849
What are the prime factors of 2132699?
2132699
What are the prime factors of 1879519?
29, 64811
List the prime factors of 1227918.
2, 3, 29, 7057
What are the prime factors of 7921480?
2, 5, 7, 19, 1489
What are the prime factors of 105502?
2, 17, 29, 107
List the prime factors of 1430746.
2, 715373
What are the prime factors of 186989?
11, 89, 191
What are the prime factors of 14498049?
3, 31, 155893
What are the prime factors of 2123748?
2, 3, 11, 31, 173
What are the prime factors of 10292475?
3, 5, 37, 3709
What are the prime factors of 331146?
2, 3, 18397
What are the prime factors of 605734?
2, 41, 83, 89
List the prime factors of 328964.
2, 82241
List the prime factors of 182204.
2, 11, 41, 101
What are the prime factors of 352891?
7, 11, 4583
What are the prime factors of 6292595?
5, 47, 26777
List the prime factors of 1653659.
7, 337, 701
List the prime factors of 14240538.
2, 3, 13, 19, 3203
List the prime factors of 24658970.
2, 5, 7, 352271
List the prime factors of 16233421.
16233421
What are the prime factors of 946008?
2, 3, 7, 1877
What are the prime factors of 4091412?
2, 3, 13, 26227
What are the prime factors of 212133?
3, 31, 2281
What are the prime factors of 3905070?
2, 3, 5, 13, 17, 19, 31
What are the prime factors of 520652?
2, 11, 11833
List the prime factors of 16952584.
2, 11, 83, 211
List the prime factors of 10925360.
2, 5, 37, 3691
List the prime factors of 7567746.
2, 3, 97, 13003
List the prime factors of 16555610.
2, 5, 53, 31237
List the prime factors of 1465011.
3, 162779
What are the prime factors of 656058?
2, 3, 13, 647
What are the prime factors of 353534?
2, 47, 3761
List the prime factors of 1919715.
3, 5, 7, 47, 389
List the prime factors of 127668.
2, 3, 10639
List the prime factors of 143305.
5, 28661
What are the prime factors of 1455434?
2, 727717
What are the prime factors of 7294412?
2, 1823603
What are the prime factors of 862183?
7, 123169
List the prime factors of 3300967.
3300967
What are the prime factors of 372720?
2, 3, 5, 1553
List the prime factors of 89583.
3, 13, 2297
What are the prime factors of 3612212?
2, 283, 3191
What are the prime factors of 12439268?
2, 3109817
List the prime factors of 101092.
2, 127, 199
What are the prime factors of 2333965?
5, 577, 809
List the prime factors of 8099.
7, 13, 89
What are the prime factors of 174041?
7, 23, 47
What are the prime factors of 3607746?
2, 3, 601291
List the prime factors of 3135766.
2, 61, 25703
List the prime factors of 37977.
3, 12659
List the prime factors of 205820.
2, 5, 41, 251
What are the prime factors of 14896847?
7, 23, 67, 1381
List the prime factors of 1479498.
2, 3, 23, 71, 151
What are the prime factors of 870803?
23, 37861
What are the prime factors of 2642515?
5, 149, 3547
List the prime factors of 22816942.
2, 199, 57329
List the prime factors of 1359342.
2, 3, 2797
List the prime factors of 2084990.
2, 5, 208499
What are the prime factors of 611771?
59, 10369
List the prime factors of 2993241.
3, 17, 19, 3089
List the prime factors of 3286065.
3, 5, 219071
List the prime factors of 144540.
2, 3, 5, 11, 73
List the prime factors of 4680276.
2, 3, 79, 4937
What are the prime factors of 289330?
2, 5, 28933
List the prime factors of 11576278.
2, 7, 29, 28513
List the prime factors of 2861560.
2, 5, 13, 5503
What are the prime factors of 4175438?
2, 17, 227, 541
List the prime factors of 92764.
2, 7, 3313
List the prime factors of 791836.
2, 197959
What are the prime factors of 957550?
2, 5, 11, 1741
List the prime factors of 379610.
2, 5, 7, 11, 17, 29
List the prime factors of 2832283.
2832283
List the prime factors of 849529.
167, 5087
What are the prime factors of 64965?
3, 5, 61, 71
What are the prime factors of 2165